est common divisor of k and 405.
5
Let z = 138 + -138. Suppose -6*o + 0*o + 720 = z. Let a be 87/6 + 2/4. Calculate the highest common factor of a and o.
15
Let z = 235 + -177. Calculate the highest common divisor of z and 1537.
29
Suppose 5*f - 68 = -3*m, 4*m = -3*f + 74 + 35. Suppose 345 = 2*u + 2*i - 97, 3*u - 3*i = 639. What is the highest common divisor of m and u?
31
Let z(f) = -f**2 + 10*f - 6. Let y be z(5). Suppose y - 22 = -l. Suppose -c - 3*q - 6 = 3, -l = -5*c - 3*q. What is the greatest common factor of c and 1?
1
Let s be 20/(-5) - 1304/(-3 - -1). Calculate the highest common divisor of 72 and s.
72
Let m be (-12)/2*-39 + 16 + -18. Suppose -5*s + 3*w = -0*w - m, 0 = 3*s - 5*w - 152. What is the highest common divisor of s and 22?
22
Let t = 48 + -74. Let p = 116 + t. Let j be (6*1)/(1/6). What is the highest common factor of p and j?
18
Suppose 480 = 4*v + 5*n, -4*v = v - 2*n - 600. Let j be (-30)/(-20)*16*2. Calculate the highest common factor of v and j.
24
Suppose 5*s + 57 = 7*s + x, x = -s + 28. What is the highest common factor of s and 145?
29
Let q be -2 - (-11 + (-2)/(-2)). Let u(y) = -y**2 + y + 1. Let j be u(-1). Let h be (-13 - j)/4 + 43. Calculate the greatest common divisor of h and q.
8
Suppose 3*s - 238 = 356. Suppose 4*w + 8*g = 3*g + 149, 0 = -g + 5. Let b = w + -13. What is the highest common divisor of s and b?
18
Let k = 25 + -13. What is the greatest common factor of k and 192?
12
Let z = 243 - 61. What is the greatest common factor of 56 and z?
14
Let h(r) = -9*r - 3. Let k be h(-2). Let w(n) = 3*n**2 - 27*n + 5. Let b be w(9). Suppose 300 = b*z - 0*z. Calculate the highest common divisor of k and z.
15
Let s = 32 - -19. Let f = 81 - s. What is the highest common factor of 270 and f?
30
Let m(z) = 2*z**2 + 8*z + 6. Let c be m(-7). Let f(j) = -5*j - 3. Let u be f(-15). What is the highest common divisor of c and u?
24
Let r be 4 - 30/2*-24. Calculate the highest common divisor of 104 and r.
52
Let u(z) = -z + 17. Let n be u(-7). Suppose 3*i + 0 - 6 = 0. Suppose d - 5*d + i*x + 34 = 0, 5*d - 55 = 5*x. Calculate the highest common factor of d and n.
6
Suppose c - 6*c + 20 = 0. Suppose 3*v = -c*r + 118, -34 = r - 2*r - 3*v. Let a be r/42*21/2. What is the greatest common factor of 63 and a?
7
Let x = 99 - 97. Let z(u) = 3*u**3 - 2*u**2 - 2*u + 2. Let m be z(x). Calculate the highest common divisor of 42 and m.
14
Let l(i) = i**2 - 5*i - 6. Let w be (-6)/(-21) - ((-108)/14 - -1). Let j be l(w). Let n be 196/6 - (-2)/(-3). What is the highest common factor of j and n?
8
Let n(v) = 404*v**2 + 5*v. Let a be n(-1). Calculate the highest common factor of 21 and a.
21
Let j be ((-19)/(-1) + 5)*1/2. Let v(b) = -b**2 + 13*b + 4. Let a be v(j). What is the highest common divisor of a and 208?
16
Suppose 3*g - 12 = 15*g. Let s be ((-81)/(-12) - g) + (-2)/(-8). Calculate the greatest common divisor of s and 12.
4
Let k = -32 + 37. Suppose 13*q = k*q + 72. Calculate the greatest common factor of q and 81.
9
Suppose 70 = -3*k + 5*k. Suppose -5*x = 3*j + 16, -j + x = 4 + 4. Let n = j + k. Calculate the highest common factor of 42 and n.
14
Let j be 1*(-35 - (5 + -3)). Let u = 65 + j. Suppose 0*q + 336 = 4*q. What is the greatest common factor of q and u?
28
Let r be 4*(-756)/(-48) + 8. What is the highest common factor of 1633 and r?
71
Let k be ((-6)/4)/(3/(-4)). Let r(q) = -2*q**2 - 46 + 5*q**k - q + 44. Let u be r(-5). Calculate the greatest common factor of u and 52.
26
Let u be (-1)/((6/(-28))/(144/56)). Suppose -v + 3*p + u = 0, -5*v - 4*p = -p - 114. Calculate the greatest common factor of v and 3.
3
Let f = 308 + -99. Suppose 3*m + 52 = -3*a - 368, -3*a - m - 414 = 0. Let n = a + f. Calculate the highest common factor of n and 24.
24
Let p = 11 + -9. Suppose p*v = 4*v - 10. Suppose v = 4*l - 11. What is the highest common factor of 8 and l?
4
Suppose 20*z - 216 = 19*z. What is the greatest common divisor of 8 and z?
8
Suppose 2*j - 2*c - 40 = 0, 8*c = 3*j + 9*c - 40. Calculate the greatest common divisor of j and 1065.
15
Let s = -1 - 5. Let f be 2/(-3)*(s - -3). What is the highest common factor of f and 3?
1
Let m = 121 - 140. Let q(f) = -16*f**2 - 2*f - 1. Let k be q(-1). Let w = k - m. Calculate the greatest common divisor of 16 and w.
4
Let d(v) = -v**2 - 9*v + 8. Let y be d(-9). Suppose 39*p - 36 = 36*p. Suppose -3*t + 3*k + 36 = -p, t - 12 = 2*k. What is the highest common divisor of t and y?
4
Let g be 7 + 642/(4 + 2). What is the greatest common factor of 6 and g?
6
Suppose 5*z = -0*z + 75. Suppose 3*h - 4*s - 16 = -2*h, -5*s - 20 = 2*h. Suppose -6*o = -o - 3*n - 50, h = n. What is the greatest common factor of z and o?
5
Let k = -413 + 423. Suppose -9*i = -4*i - 75. What is the highest common factor of i and k?
5
Suppose 0 = -h - 4*c + 132, 19*h - 636 = 14*h + 4*c. Calculate the greatest common factor of h and 144.
16
Let h be (-39)/26 - 6/(-4). Let p be (-10 + h)*112/(-20). Suppose 0 = -3*r + 5*n + 36, -r = -3*r - 4*n + 2. Calculate the highest common factor of r and p.
7
Let k = -144 + 404. What is the greatest common divisor of 20 and k?
20
Let k(s) = s**3 + 3*s**2 - 3*s - 5. Let w be k(-3). Suppose -v - 3*x = -40, 2*x = -v - w*v + 135. Calculate the highest common divisor of 200 and v.
25
Let i(k) = 3*k**2 + 5*k + 4. Let z be i(-3). Let m(w) = 3*w - 29. Let r be m(11). What is the greatest common divisor of z and r?
4
Let o = 508 + -211. Let x = -107 + o. What is the greatest common factor of x and 10?
10
Suppose -6*x = 33 - 123. Let f = 39 + -9. Calculate the greatest common factor of f and x.
15
Suppose 6*m - 120 = m. Suppose -4*w - f - 38 = 0, -w + m = -4*w - 3*f. Let t be (6/w)/(2/(-50)). What is the greatest common divisor of t and 75?
15
Suppose 0 = 4*p + 5*f - 1794 - 1046, 3*p - f = 2149. What is the greatest common divisor of 130 and p?
65
Suppose 23*r - 775 - 53 = 0. Calculate the greatest common factor of r and 16.
4
Suppose -2*y + 219 + 11 = 0. Calculate the highest common divisor of 138 and y.
23
Suppose 5 = 5*m - 0. Let p = 4 - m. Suppose 3*s = 3*a + 267 + 258, 5*a = p*s - 527. Calculate the highest common divisor of 29 and s.
29
Let n = -607 - -857. Let p be (8*-1)/(4/(-50)). Calculate the highest common factor of n and p.
50
Let b(v) = -29*v + 39. Let k be b(-10). Suppose 12*h - k = 331. What is the highest common divisor of h and 220?
55
Let t(b) = b**2 - 7*b - 13. Let s be t(9). Suppose -4*r + 3*v = -79, 3*r - 4*r + 24 = -s*v. What is the highest common factor of r and 57?
19
Suppose -13*r + 7*r = -1500. What is the highest common divisor of 20 and r?
10
Let s(k) = 2*k**2 + 17*k - 4. Let d(f) = -2*f**2 - 17*f + 3. Let y(v) = -6*d(v) - 5*s(v). Let h be y(-10). Calculate the greatest common divisor of h and 48.
16
Suppose 2*p - 7 + 17 = 0, 3 = h + 2*p. Suppose 55 = u - 2*x, 0 = 2*u - 0*u + 5*x - 155. Calculate the greatest common factor of h and u.
13
Let a(t) = t + 13. Let j be a(-11). Suppose r + 28 = 4*r + j*k, 0 = 5*r + 5*k - 55. Calculate the highest common factor of 3 and r.
3
Let l(n) = 2*n**2 - 4*n + 17. Suppose 5*v + 4*d - 36 = 0, 7*d = -4*v + 11*d. Let h be l(v). What is the highest common divisor of h and 33?
33
Suppose -1 = n - 25. Calculate the highest common divisor of n and 30.
6
Let x be 4 - 0/(10/((-40)/12)). Suppose 5*a - 18 = 2, a = -3*v + 64. Calculate the highest common factor of x and v.
4
Let m = 19 + -14. Suppose 0 = 4*d + m*o - 139, -2*d + 69 = o + 2*o. Suppose -5*r - 4*x + 84 + 6 = 0, 0 = -4*x. What is the highest common factor of r and d?
18
Suppose 28*g = 25*g + 12. Suppose -g*a + 11 = -3*u, 3*a - 2*u = -6*u + 2. What is the highest common factor of 10 and a?
2
Suppose 0 = 2*o - 3*o + 4. Let t be 19/4 + 1/o. What is the highest common factor of 2 and t?
1
Let n = 38 + 74. Suppose -5*x = 2*z - 580, 24*z + 4*x - 1136 = 20*z. What is the greatest common factor of z and n?
56
Suppose -4*b - 254 = -5*x, 100 + 158 = 5*x - 3*b. Calculate the greatest common divisor of x and 18.
18
Let i(r) = -31*r - 40. Let f be i(-4). Calculate the greatest common factor of 231 and f.
21
Suppose -359 - 931 = -2*f. Calculate the highest common divisor of f and 43.
43
Let z be (5 + (-2)/(-24)*6)*54. What is the highest common factor of 54 and z?
27
Suppose -7*z + 2*z = -3*m + 62, -m